 z*h + 3*h - 4, h + 4 = 0. What are the prime factors of (10/w)/(2/(-136))?
5, 17
Let z(x) = -x**2 + 33*x - 50. Let w(i) = i**3 - i**2 - 8*i + 5. Let u be w(4). What are the prime factors of z(u)?
2, 101
Suppose -7*z - 18*z = -2*z. Suppose -11*r + 10*r + 769 = z. What are the prime factors of r?
769
Suppose 0*m + 5*m = 4835. Suppose -m + 8183 = 16*l. What are the prime factors of l?
11, 41
Let z be ((-79)/2)/(((-92)/(-24))/23). What are the prime factors of (10/15)/((-2)/z)?
79
List the prime factors of (-99116)/(-56) - (86/(-28) - -3).
2, 3, 5, 59
Let v be (0/(-3))/(-5) + 22. Let k = v - 10. Let c = 26 + k. List the prime factors of c.
2, 19
Suppose -4*j + 12322 = -2*a, -410*j = -411*j - 4*a + 3112. What are the prime factors of j?
2, 3, 257
Suppose -2*p + 4*p + 4*w = 78, -4*p + 196 = -2*w. Suppose 5*b = -3*i + 935, -3*i + p + 906 = -4*b. What are the prime factors of i?
3, 5, 7
Let w(k) = 252*k - 2619. List the prime factors of w(92).
3, 5, 457
Suppose -4*w + 174553 = -5*v, -5*w + 53*v - 57*v = -218099. List the prime factors of w.
43627
Suppose 19076 = 7*b + 3368. List the prime factors of ((-7)/14)/((-2)/b).
3, 11, 17
Suppose 36*f - 2861 = -4157. Suppose -4*x + 348 = 4*j, 4 = 5*x - 6. List the prime factors of (j/15)/(0 - 2/f).
2, 3, 17
Let x(g) = 2*g**2 + 3*g + 2. Let d be x(-2). What are the prime factors of (d/(-3))/(1/(-129))?
2, 43
Suppose 0 = -6*l + 5917 + 26219. What are the prime factors of l?
2, 13, 103
Let g(w) = w**2 - 6*w + 3. Suppose 35 = b + 30. Let r be g(b). List the prime factors of (12/(-8) - r)*86.
43
Let s = -831 + 6961. What are the prime factors of s?
2, 5, 613
Suppose 0 = -2*b + 3*r - 40, 4*r - 88 = -b + 5*b. Let h(g) = 2*g**3 + 52*g**2 - 14*g - 29. What are the prime factors of h(b)?
5, 67
Let s be 8 + -8 - -10*1. Let b(i) = i**2 - 6*i + 11. Let j be b(s). List the prime factors of 1/3 + 4012/j.
79
Let v = -136 - -132. Let k(t) = 70*t**2 + 4*t - 3. What are the prime factors of k(v)?
3, 367
Suppose 2 = 36*m - 38*m, 2*m + 3719 = 3*v. Let b = -592 + v. List the prime factors of b.
647
Let m be -52 + (6/(-15) - (-16)/(-10)). Let y = m + 59. Suppose -4*c - 5*x = -99, -y*c + 3*x + 108 = 4*x. List the prime factors of c.
3, 7
Let q(n) = -n**3 - 19*n**2 - 33*n - 37. What are the prime factors of q(-24)?
5, 727
Suppose -5*q + 28931 + 126609 = -5*o, 2*q - 4*o - 62218 = 0. What are the prime factors of q?
3, 10369
Suppose 2*i - 24 = -z, -5*z + 5*i - 7 = -127. Let n(s) = 3*s + z + 4*s - 10*s. What are the prime factors of n(-10)?
2, 3
List the prime factors of 217983/13 + ((-18900)/(-650) - 29).
2, 131
Let c = -549 + 607. Let v = -10 + 0. Let d = v + c. List the prime factors of d.
2, 3
Suppose -f - 58 = q + f, 4*q - 2*f = -182. Let s = 55 - q. Suppose -6*t + s = -95. What are the prime factors of t?
3, 11
Suppose 17*i - 28703 = -3*l + 18*i, 0 = -2*l + 3*i + 19119. List the prime factors of l.
2, 3, 5, 11, 29
List the prime factors of ((-138567)/(-418))/(1*2/88).
2, 3, 11, 13, 17
Let b = 42 + -39. Suppose 0 = 3*t - 0 + 15, 4*s = -b*t + 97. Suppose -h = -4 - s. List the prime factors of h.
2
Suppose -4*s = 2344 - 9532. Suppose -14*v + s = -11*v. Suppose 25 = -7*t + v. What are the prime factors of t?
2, 41
Suppose -4*s - 3112 = 4*f, -2*s = -f - 4*s - 781. Let v = f - -1271. What are the prime factors of v?
2, 31
Let q = 17386 - 8905. List the prime factors of q.
3, 11, 257
Let x = -153 - -241. Suppose -68 + x = 5*i. Suppose 3*u - 493 = -i*o, 5 = -4*u + 3*u. What are the prime factors of o?
127
Let h(j) = 67*j**2 - 15*j - 41. Let u(d) = d**3 - 16*d**2 + 4*d - 69. Let z be u(16). What are the prime factors of h(z)?
1709
List the prime factors of (244678/14 - -11)/1.
2, 1093
Let c be 4/30 + 56/30. List the prime factors of 5152/16 - 1*c/2.
3, 107
Let r(j) = -686*j - 3478. List the prime factors of r(-93).
2, 5, 13, 29
Suppose 17*w = -46 + 131. What are the prime factors of (-6)/4*w*(-2336)/20?
2, 3, 73
Let x(h) = 132*h**3 - 35*h**2 + 28*h - 134. List the prime factors of x(6).
2, 7, 1949
Let p = -107 + 152. List the prime factors of (p/(-10) + 7)/((-2)/(-96)).
2, 3, 5
Let q be -5*24/(-30) + 101. List the prime factors of (-10)/q*6 - (-16234)/14.
19, 61
Let l = 81 - 84. Let p be -1 + 2*(l - -1) + 2. What are the prime factors of -3 + (-19 - -4)/p + 82?
2, 3, 7
Let p be 1258/18 + 2/18. Suppose -2*f - 30 = r, 5*f = 4*r + p + 76. What are the prime factors of (0 - 6)*r/4?
3, 17
Suppose 60*z + 40*z = 600. Let c(q) be the first derivative of 2*q**3/3 - q**2 + 8*q + 1. What are the prime factors of c(z)?
2, 17
Let x(m) = -22*m - 21. Suppose 15 = -6*o + 45. Let f be x(o). Let w = -10 - f. List the prime factors of w.
11
Let g(o) = -4*o**3 + 14*o**2 - 68*o + 417. List the prime factors of g(-18).
3, 5, 7, 281
Let f = 500 - 499. What are the prime factors of (-12806)/(-19) + (-4 - -3)/f?
673
Let z(g) = -8358*g - 12304. List the prime factors of z(-8).
2, 5, 11, 31
Suppose 9*x - 4*x = -15. Let h(t) = 604*t - 2 - 626*t - 3 - 3. List the prime factors of h(x).
2, 29
Let i = 5964 + -329. What are the prime factors of i?
5, 7, 23
Suppose 0 = h - b - 3394, -4*b + 6818 = -h + 3*h. Suppose -5*u + h = -946. List the prime factors of u.
11, 79
Let x = 485 + 3092. What are the prime factors of x?
7, 73
Suppose 33*a + 1554 - 336793 = 418514. List the prime factors of a.
7, 13, 251
Let z be 22/(-33) - (-130)/6. Let g be ((-484)/5)/(2/(-5)). Suppose -23*w = -z*w - g. List the prime factors of w.
11
Suppose -12*a - 1088 + 668 = 0. Suppose -2*o + 2*b = 30, -4*o - 12 = 4*b + 8. List the prime factors of (-21)/a - 854/o.
2, 43
Let p = 8201 + -905. Suppose 0 = -20*m + 8564 + p. List the prime factors of m.
13, 61
Let x = 3415 + -1883. Suppose -x + 240 = -2*q + j, 3*j = 5*q - 3230. List the prime factors of q.
2, 17, 19
Let w(t) = 77*t**2 + 2*t - 2. Let b be ((-3)/6)/((-1)/(-2)). Let o be 2*b/(-1 - 1). List the prime factors of w(o).
7, 11
Let h(b) = -10 + 0*b + 9*b + 3*b + 24. Let x be h(-6). Let n = x + 129. What are the prime factors of n?
71
Suppose 10 = -10*v + 50. Suppose 6*j - v = 38. List the prime factors of (-1207)/(-7) + (-3)/j.
2, 43
Let p(j) = 14*j**2 - 62*j - 18 + 49*j + 30*j. What are the prime factors of p(-6)?
2, 3
Let o = -23 + 23. Let g be (4 - (1 + 2 + o))*8. List the prime factors of (g + -8)*(0 + 1) + 18.
2, 3
Let y = -46436 - -91778. What are the prime factors of y?
2, 3, 11, 229
Suppose -3*z + 2*i + 0 = 2, 3*i + 6 = 0. Let p be -10*(0 + z/4). Suppose -3*c + 3*s + 246 = 0, 3*c + p*s - 2*s = 234. List the prime factors of c.
2, 5
Suppose -2*z - 816 = -5*p - 120, -p - 2*z = -144. List the prime factors of p.
2, 5, 7
Let s be (-1)/2*-4 + 1. Suppose -5*g + 10 = -s*p, g + 9 = -4*p - 12. List the prime factors of 6/3*g + 46.
2, 11
Let i(m) = m**2 + 17*m - 22. Let o be i(-9). Let d = o - -97. Suppose 4*f + c + c = 608, -d*c + 12 = 0. List the prime factors of f.
2, 3, 5
Let t be ((-6)/(-23 + -1))/((-1)/(-20)). Suppose t*m + 15 = 0, 5*r = -3*m + 321 + 420. List the prime factors of r.
2, 3, 5
Let b = 28 + 15. Let l = -41 + b. Suppose -3*h + 4*n + 400 = 0, 3*h = -n - l*n + 435. What are the prime factors of h?
2, 5, 7
Let i be (3 - 17/3)*6/4. What are the prime factors of i*1269/18*3/(-2)?
3, 47
Let t = 216 + -202. Suppose 0*f = -3*f - 693. Let b = t - f. List the prime factors of b.
5, 7
Suppose -170*z = -175*z + 205. Suppose z*n - 44*n = -3909. List the prime factors of n.
1303
Suppose 42700 + 3020 = 8*b. What are the prime factors of b?
3, 5, 127
Suppose 0 = 18*k - 10*k + 64. Let z be (-2)/k*66*16/12. Suppose -22 = -2*d + 3*q + z, 4*d + 5*q = 66. What are the prime factors of d?
19
Suppose 2*j + 3*s - 2155 + 473 = 0, 4*s = -2*j + 1680. Let u = 1304 - j. Suppose h + 0*h = -f + 156, -3*h + 5*f + u = 0. What are the prime factors of h?
5, 31
Suppose -11*z = -71392 - 46979. List the prime factors of z.
3, 17, 211
Let s(v) = 7*v**3 + 187*v**2 + 28*v - 44. What are the prime factors of s(-18)?
2, 1201
Suppose 0 = 2*t + 5*y - 9167, 19*y = 3*t + 24*y - 13758. List the prime factors of t.
4591
Let u = 63004 + -32632. What are the prime factors of u?
2, 3, 2531
Let k(j) = 919*j - 670. What are the prime factors of k(90)?
2, 5, 7, 293
Suppose -47*s - 5*v - 17813 = -48*s, -5*s + 4*v + 89086 = 0. What are the prime factors of s?
2, 59, 151
Suppose 100